4*u = -r*u + 12. Calculate l(u).
13
Let f(c) = 2*c**2 - 30*c + 1. Let u be -13*(-2 + -5 + 8)*(-3 + 2). Give f(u).
-51
Let g(t) = -9*t + 84. Let l be g(9). Let u(i) = 9*i + 14 + 7*i**2 + 2*i**3 - i**l - 7. What is u(-6)?
-11
Suppose 218*y - 199*y = 152. Let z(o) = 12*o - 99. Give z(y).
-3
Let k(i) be the second derivative of i**3/6 - 705*i. Calculate k(-1).
-1
Let a be (-1 - (-10)/8)/((-85)/(-680)). Let u(g) = 4*g**2 - 6*g - 6*g**2 - a - 2*g**2 + 3*g**2. Calculate u(-4).
6
Let k(p) = 15*p + 19. Suppose -223 = 95*b + 62. Calculate k(b).
-26
Let k(d) = -22*d. Let y be k(-1). Suppose -n = y - 24. Suppose -2*m + 5*h + 21 = n*h, 0 = 4*m + 3*h - 15. Let i(u) = -u - 4. Give i(m).
-10
Let g(f) = -13*f - 15. Let l be ((-37)/(-444))/(1/(-12)). What is g(l)?
-2
Let x(v) be the third derivative of -v**4/24 - v**3/3 + 2*v**2. Let u = -7311 - -7313. Give x(u).
-4
Let m(o) = -10*o**2 + 15*o + 14. Let d(i) = -7*i**2 + 11*i + 10. Let q be (2/8)/((-22)/440). Let g(b) = q*m(b) + 7*d(b). Calculate g(-2).
0
Let m(b) be the third derivative of -b**4/4 - 2*b**3/3 + b**2. Suppose -460 = -142*v + 2*x, -55*v + 60*v + 53 = -4*x. Give m(v).
-22
Let w(c) = -c**2 - c - 6. Suppose -2*a - 5 = -13. Suppose -2*u - a*r = 2*u - 4, -r - 5 = -u. Suppose -4*i + 2*k + k - u = 0, i + 4*k = 4. Give w(i).
-6
Let k(v) = v - 8. Let n(h) = h**3 + 9*h**2 + 6*h - 16. Let q be n(-8). Suppose 0 = w - 3 - q, -4*w = -t - 5. What is k(t)?
-1
Let f(b) = -6*b**2 + 79*b - 152. Let p be f(11). Let a = 1 + 1. Let k(c) = -4*c**a + 3*c**2 - 2 - 9*c + 10. Give k(p).
8
Suppose -599 + 599 = -12*u. Let m(i) be the third derivative of -2*i**2 - 1/24*i**4 - 1/60*i**5 + 0 - 2/3*i**3 + u*i. Give m(0).
-4
Let k(c) = c**3 - 6*c**2 + c - 6. Let x = -814 + 1283. Let v = 475 - x. Give k(v).
0
Let m(j) = 5*j**3 - 3*j**2 + 22*j - 38. Let d(f) = -8*f**3 + 8*f**2 - 43*f + 71. Let q(o) = -3*d(o) - 5*m(o). What is q(-11)?
10
Suppose 3*q = -5*q. Let p be (-5 - 5) + 9/(q - -3). Let u(j) = j**3 + 9*j**2 + 8*j + 1. Calculate u(p).
43
Let s(t) = -t**3 + t**2 - 2*t - 14. Suppose 8*w = -5*u + 3*w + 190, 3*w + 102 = 3*u. Let r be (-3)/5 - u/(-60). Calculate s(r).
-14
Let l(i) = 2*i**3 + i**2 + 5*i + 5. Suppose -5*o - 24 = -m, 4*m = -2*o - 4*o - 34. Calculate l(m).
-1
Let w(j) be the first derivative of j**6/180 + j**4/24 + j**3/3 - 3*j**2 + 5. Let m(z) be the third derivative of w(z). Suppose 4*l = 5 - 1. Calculate m(l).
3
Let z(t) = -t**3 + 11*t**2 + 12 - 20*t + 4 - 1. Let r be z(9). Let k(b) be the first derivative of 2*b**3/3 + b**2/2 + 3*b - 8. What is k(r)?
18
Let a = -4258 + 4261. Let g(o) = 3*o**2 - 11*o + 2. What is g(a)?
-4
Let i(j) = -j**2 + 3*j + 6. Suppose -13*r + 14*r + 24 = 0. Let o be (-2)/(-3) - (176/r + 3). Give i(o).
-4
Let a = -564 - -564. Let g(l) = 0*l - 4*l - l**2 + a*l**2 - 3 - 2*l**2. Give g(-1).
-2
Let t(i) be the first derivative of -i**4/4 + 2*i**3 + 3*i**2 - 3*i + 2706. Let y be -2 + 1 + 8 + 0. What is t(y)?
-10
Suppose 18*w = 8*w + 100. Let f(o) be the first derivative of o**3/3 - 9*o**2/2 - 6*o + 4. Calculate f(w).
4
Let v be 2/(-4)*(-16)/2 + 111. Let b be 2/6 - v/(-69). Suppose b*x - 4*o - 8 = 0, 0 = -4*x + x + 2*o + 16. Let u(l) = l**3 - 6*l**2 + l - 8. Determine u(x).
-2
Let a(z) = -596*z - z**2 - 600*z + 16 + 1193*z. Give a(-5).
6
Suppose -4*q - 27 = -3*u, 46 = -5*u + 11. Let i(m) = -m**3 - 12*m**2 - 2*m - 3. Calculate i(q).
21
Let v(j) = j**2 - j + 3. Suppose 26 = 3*u - 0*u - w, 22 = u - 3*w. Suppose 35 = u*t - 0. Suppose -2*g - 4*l = -4*g + 8, g - t*l - 10 = 0. Calculate v(g).
3
Let k(v) = -28*v + 20. Let j be (2/(-24))/((-173)/2076). Give k(j).
-8
Let z(w) = 2*w**2 - 13*w - 15. Let r be z(9). Suppose r = -149*o + 139*o. Let c(f) = -f**3 - 3*f**2 + 4. Calculate c(o).
4
Let z(g) = -538*g + 172 + 1105*g - 533*g. Calculate z(-5).
2
Suppose 4*r + 4*q - 16 = 0, -2 = r - 3*q + 6. Let t(m) = -3*m + r + 0 - m + 5*m. Suppose -2*i = 5*d - 5, 9*d - 6*d = 2*i + 19. Determine t(i).
-4
Let j(b) = 31*b + 28. Let r(d) = -39*d - 27. Let z(s) = 6*j(s) + 5*r(s). Give z(6).
-21
Let u(w) = 2*w**2 - 6*w - 3. Suppose -10*n = -6*n + 232. Let s = n - -64. Determine u(s).
33
Let r(w) = 3*w. Let j be r(2). Let z(h) = -3*h**3 + 3*h**2 - 15*h + 11. Let u(x) = -14*x**3 + 13*x**2 - 73*x + 53. Let c(a) = 4*u(a) - 19*z(a). What is c(j)?
-3
Let h(z) = 44*z + 53*z - 47 - 86*z + 406 + 49. What is h(-37)?
1
Let q(r) = -2 - 763*r**2 + 10*r - 2 + 764*r**2. Suppose 3*p + 18 + 15 = 0. What is q(p)?
7
Let p(o) = -2*o**2 - 6*o. Let q(r) = r**2 + 5*r + 1. Let f(j) = -2*p(j) - 3*q(j). Suppose -4*s = -3*z + 50, 3*z + 3*s - 1 + 7 = 0. Determine f(z).
15
Suppose 0 = 2*g - 10 - 0. Suppose -d + 3 = -i - g, -4*i = 3*d + 11. Let s(f) = f**2 + 2*f - 5. Calculate s(i).
10
Let j(z) be the first derivative of -z**4/4 + 7*z**3/3 + 41*z**2/2 - 3*z + 274. Calculate j(-4).
9
Let g = -346 + 352. Let l(p) = -10*p + 2. Determine l(g).
-58
Let x(v) = v**2 + v. Suppose w - 3*a = -10, 4*a = 5*w + 14 - 8. Let u be (-1 - -1)/(5 - (w - -2)). What is x(u)?
0
Let m(q) = -27*q**2 + 25*q + 43. Let n(r) = 17*r**2 - 16*r - 29. Let o(h) = -7*m(h) - 11*n(h). Determine o(0).
18
Suppose 3*t = 3*o, -38 = -5*t - 4*o + 7. Let c be (t - 3)*(-1 + (-15)/(-2)). Let i(a) = -21 + c + 5*a + 7. Calculate i(3).
14
Let j = 8 + -6. Let r(d) be the third derivative of -d**7/2520 + d**6/720 - 7*d**5/10 + 16*d**2. Let a(g) be the third derivative of r(g). Give a(j).
-3
Let z(w) be the third derivative of -1/3*w**3 + 0*w + 0 - 86*w**2 - 1/12*w**4. Give z(5).
-12
Let c(u) = 3*u**2 + 6*u + 2. Suppose 19*w + 88 + 67 = 41. What is c(w)?
74
Suppose -14*x + 8579 - 8635 = 0. Let i(u) = -19*u - 49. Give i(x).
27
Let z(d) = 68*d - 335. Let h be z(5). Let t(v) be the third derivative of 0*v + 1/24*v**4 + 0 + 9*v**2 - 1/20*v**h - 1/6*v**3. Calculate t(1).
-3
Let y(k) = k**2 - 17*k - 297. Let w be (3/(-18))/((-31)/(-2108)) - 2/(-6). Calculate y(w).
11
Let w(c) = 9*c**2 + 62*c - 3. Let a be w(-7). Suppose -a*h + 74 = 50. Let f(d) = -d**2 + 8*d - 1. Determine f(h).
11
Let u(z) be the second derivative of z**5/10 + z**4/12 - 2*z**3/3 - 5*z**2/2 - 4*z + 14. What is u(-2)?
-9
Suppose 155*u - 378 + 68 = 0. Let b(s) = 2*s**3 - 2*s**2 - 2*s + 2. Give b(u).
6
Let p(t) = 4*t**2 + 20*t - 8. Let j(c) = 457*c - 5032. Let n be j(11). Calculate p(n).
-8
Let p(a) be the second derivative of -2*a + 1/12*a**4 + 0 + 1/2*a**2 - 1/3*a**3. Suppose -32*y - 25 = -121. Give p(y).
4
Let z(y) = y**3 + 3*y**2 - 23*y + 38. Let o be z(-7). Let h(b) = 2*b**o + 44*b - 6*b**3 + 1 + 36*b + 5*b**3 - 83*b. What is h(2)?
3
Let y(k) = 4*k - 80 - 36 + 111. Determine y(1).
-1
Let l(c) be the third derivative of 0*c - 7/6*c**3 + 0 - 87*c**2 - 1/24*c**4. Suppose 0 = -n - 0*n - 7. Calculate l(n).
0
Let j be (8/60 - (-352)/60)/2. Let a(p) = 4*p - 10 - p**2 + 13 + 5*p - 5*p. What is a(j)?
6
Let p(c) = -4*c + 3. Let h(f) = f. Let d be (-3)/(-1) - (7 - (-5)/(-1)). Let y(b) = d*p(b) + 3*h(b). What is y(10)?
-7
Let k(w) = -15*w**3 + 9*w**2 - 4*w + 2. Let s(v) = -7*v**3 + 4*v**2 - 2*v + 1. Let u(r) = 4*k(r) - 9*s(r). Let m = -184 + 94. Let p = 91 + m. Calculate u(p).
4
Let q be ((-36)/(-21))/(12/42). Let u(m) = -m - q + 4*m + 1 - 2*m. Let x(r) = -156*r + 1103. Let a be x(7). Calculate u(a).
6
Let p(v) = -2*v**3 - 12*v**2 - 5*v - 32. Let l(d) = d**3 - 12*d**2 + 6*d - 253. Let f be l(13). Determine p(f).
-2
Let x(c) be the first derivative of 65*c**2 - 137*c + 6039. Give x(1).
-7
Let m(x) = -40*x - 29. Let p be m(5). Let u = 221 + p. Let b(v) = -v**2 - 7*v - 5. Calculate b(u).
-13
Let w(o) = o**2 - 7*o + 9. Suppose -26 = -5*z + 124. Suppose 0 = 8*l - 30*l + 44. Suppose 7*q = l*q + z. Determine w(q).
3
Let c(s) = 0 + 5 - s - 2 + 1. Let b be c(-12). Let r(n) = 4 - b*n - 6*n + 20*n. Give r(7).
-10
Let w be 6 - (9/6 + 1/(-2)). Let o(x) = 4*x + 6 + w*x**2 - x**3 + 18 - 19. What is o(6)?
-7
Let b(p) = 2*p**2 - 19*p + 1. Let f be (10 + -1)/(18 + -10 + -7). Give b(f).
-8
Let f(t) = -8*t**3 - t**2. Let x(g) = g**3 + 10*g**2 - 2*g - 12. Let i be x(-10). Suppose -38*k - i = -30*k. Give f(k).
7
Let m(o) = -96*o + 35. Let s(v) = 40*v - 16. Let j(r) = -2*m(r) - 5*s(r). Determine j(-2).
26
Let h(n) = 7*n**2 + n. Suppose 0 = x - 4*c + 4, 2*x - 3*c + 1 = 13. Suppose 4 = -x*g - 8. Calculate h(g).
6
Let b(z) = 2. Let r(l) = l + 1. Let x(m) = -3*m**2 + 3*m + 2. Let o